453. Let v be i(26). What is the highest common divisor of 12795 and v?
15
Suppose 13*q - 208 = 940 - 30. What is the highest common divisor of q and 7439?
43
Suppose -16*a = -8*a - 1504. Let g = a + -154. Calculate the greatest common factor of g and 102.
34
Let d(x) = x**2 + 161*x + 4192. Let s be d(-26). Suppose 0 = 2*o - 5*o + 186. What is the highest common factor of s and o?
62
Let r(y) = -170*y - 4327. Let t be r(-26). Let h be 0*(2 + -1)/(-2). Suppose h = x + 3*x - 248. What is the highest common factor of x and t?
31
Suppose 2*z - 1781 = 37*l - 32*l, -4*z = -2*l - 722. Let o = l - -394. Calculate the highest common divisor of 52 and o.
13
Let c be ((-309)/(-15) - -3) + (-24)/(-60). Suppose 42 = 3*r - c. Calculate the greatest common factor of 11 and r.
11
Let p = 47617 + -47387. Calculate the highest common divisor of p and 10.
10
Let j = 281 + -269. Let c be (-282)/(7 - (j + -3)). What is the greatest common factor of 329 and c?
47
Let n be -1 + (1 - (3 - 3)/(-2)). Let u be 30/12*-2*(n - 4). Let v be 265/u + 1/(-4). What is the greatest common divisor of v and 208?
13
Let v = -16541 + 16601. Calculate the greatest common divisor of 3045 and v.
15
Let x be (-1)/((-4)/(-9) - (-149)/(-315)). Let b be (-7)/2*(-135)/x*4. What is the highest common divisor of b and 864?
54
Let t = 310 - 469. Let u = t - -327. What is the highest common divisor of 42 and u?
42
Let f be ((-110)/25 - -7 - 2)/(2/210). What is the greatest common factor of 153 and f?
9
Suppose 0 = 3*x - 4*q + 102, -68 = -5*x - 2*q - 212. Let i be 2/(-12) - 1895/x. What is the highest common factor of i and 168?
21
Suppose -63*k + 65*k = 8. Suppose -k*l + 4 = -4. Suppose -c + 2 - 1 = -l*y, 0 = 4*c - y - 32. What is the greatest common divisor of 9 and c?
9
Let y(m) = 5 - 2 - 34*m + 1. Let q be y(-2). Suppose 5*s - 9*s = -q. Calculate the highest common divisor of s and 9.
9
Suppose 37*z = 31*z + 48. Suppose -4*p - 13 = 7, -3*p - 13 = 2*v. Let b(k) = k**3 - k**2 + k. Let q be b(v). Calculate the highest common factor of z and q.
1
Let t = 18 + -6. Let w(p) = -p**2 + 11*p - 10. Let v be w(10). Let h be (12 - 1/(v - -1)) + 1. Calculate the highest common factor of h and t.
12
Let b = 438 - 436. Suppose 4*f - 24 - 24 = 0. Suppose 58 + f = 5*d. What is the greatest common divisor of b and d?
2
Suppose -7*l = -5*c - 3*l + 5606, 0 = -4*c + 5*l + 4483. Suppose -4*k = -7*k + c. Calculate the highest common factor of 34 and k.
34
Suppose 128*b = -1142 + 10102. What is the greatest common divisor of 3640 and b?
70
Let s = 602 - 162. Suppose -51*u + 57*u = 528. Calculate the greatest common divisor of u and s.
88
Let y = 12 - 11. Let h be (-24)/(-5) + 4*y/20. Suppose 0 = h*n - 190 + 50. What is the highest common divisor of n and 7?
7
Let q(l) = 2*l**3 - 4*l**2 - 14*l - 6. Let u be q(4). What is the highest common divisor of 1787 and u?
1
Let v = -7507 - -7775. Calculate the highest common factor of 8 and v.
4
Suppose -3*c + 54 = c - 2*k, -k - 57 = -4*c. Let i be (48/c)/(6/30). Calculate the greatest common factor of 72 and i.
8
Let z = 6 + -2. Suppose 2*m = j + 5*m - 8, 3*j - 39 = -z*m. Let n = -18 - -86. Calculate the highest common factor of j and n.
17
Suppose 19*x - 20*x + 3*b + 10 = 0, 0 = 2*x - 4*b - 24. What is the greatest common factor of x and 1936?
16
Let i = -136226 - -136246. Suppose -3440 = -2*u - 2*u. What is the highest common divisor of u and i?
20
Suppose 2*q - 12 = 0, -19*m + 2*q = -23*m + 20344. Calculate the highest common divisor of 51 and m.
17
Suppose 9*q - 6*q = 8*q - 510. What is the highest common factor of 1598 and q?
34
Let q(r) = 33*r + 90. Let l be q(-3). Let z be ((-18)/8 + l)/(6/(-32)). Let b be 40/7 - 6/(-21). What is the highest common divisor of z and b?
6
Suppose 186*y - 397 = -130 + 1593. What is the highest common factor of y and 4790?
10
Suppose -28 = -4*n, 4*s - 104*n = -102*n + 4870. Calculate the greatest common factor of 209 and s.
11
Let x = -9 - -23. Let o(d) = 3*d + 24. Let v(a) = 3*a + 25. Let g(y) = -3*o(y) + 4*v(y). Let w be g(x). Calculate the highest common factor of w and 28.
14
Suppose -4 = -s - u, u - 7 = -4*s + 6. Suppose -7*i = -6*i. Suppose -3*y + j + 44 = 5*j, i = s*y - 3*j - 9. What is the greatest common divisor of y and 2?
2
Let j be 57 + -18 + 4 + 2. Calculate the greatest common divisor of 1065 and j.
15
Suppose -3*m + 6035 = f, 5*m - 4*f - 14316 = -4235. What is the greatest common divisor of m and 366?
183
Let w = 7114 + -6850. Calculate the highest common factor of 33 and w.
33
Let a(t) be the first derivative of t**3/3 + 4*t**2 + 13*t - 501. Let g = 2 + -8. Let y be a(g). Calculate the highest common divisor of y and 9.
1
Let g(y) = -y**2 - 184*y - 4542. Let x be g(-152). What is the highest common divisor of 1148 and x?
14
Suppose 4564 = 4*o - 4*u, -3*u - 7911 + 2212 = -5*o. Suppose 0 = -8*v - o + 3010. Calculate the highest common factor of 18 and v.
18
Suppose -4*z = 649 + 75. Let u = 271 + z. Calculate the highest common divisor of u and 5.
5
Suppose 22*t - 3360 = -58*t. What is the highest common divisor of t and 266?
14
Let l = 5218 - 5071. Calculate the greatest common factor of 1176 and l.
147
Let j = 49 - 50. Let t(v) be the second derivative of -v**5/2 - v**4/12 - v**3/3 - v**2/2 - 23*v. Let s be t(j). What is the highest common divisor of 2 and s?
2
Let i(n) = 1730*n**2 - 12*n - 3. Let c be i(-1). What is the highest common factor of 188 and c?
47
Suppose -z + f = 2, 4*z + 6 = f + 13. Suppose 91 - 14 = 2*w - z*a, -3*a = 3*w - 93. What is the highest common factor of 238 and w?
34
Suppose -3*y = q - 312, 5*q + 4*y = 9*y + 1640. Calculate the highest common divisor of q and 126.
18
Suppose 3066 = 31*d - 2359. Let u be (-107 + 2)/((-30)/20). Calculate the greatest common factor of d and u.
35
Let u be (-1 - (-27)/21) + (-423)/(-63). Suppose -u*k - 1388 = -3390. What is the greatest common divisor of k and 26?
26
Suppose 3*y - 1249 = 1811. Suppose -5*b + f + 147 = 0, b - 14 = 4*f + 4. What is the greatest common divisor of y and b?
30
Suppose 4*t = 4*w + 1236, -5*t - 3*w - 2*w = -1495. Let s = t + -293. Calculate the highest common factor of 22 and s.
11
Let w be ((4 - -1) + -4)*-1. Let o be ((-4)/20)/(w/155). Suppose 0 = 5*f - 114 - o. Calculate the greatest common factor of f and 58.
29
Let f(b) be the second derivative of -b**3/2 - 14*b**2 - 123*b. Let a be f(-14). Calculate the greatest common factor of 18 and a.
2
Let a = -4499 + 6129. Calculate the highest common factor of a and 5.
5
Suppose w = -v + 345, -17 + 2 = 5*v. What is the highest common factor of w and 3741?
87
Let j(h) = 2*h**2 + 21. Let o be j(10). Let s be 16/(-40)*20 - -21. Calculate the highest common divisor of o and s.
13
Suppose 45*d - 944 - 3601 = 0. What is the highest common factor of d and 101?
101
Let f(b) = 39*b - 71. Let l be f(2). Calculate the greatest common factor of l and 959.
7
Let f be (18/(-4))/(-16 + (-620)/(-40)). What is the highest common divisor of f and 152?
1
Let p(y) = -y**3 + y + 110. Let i be p(0). Suppose 7*r = 2*u + 8*r - 46, -r - 79 = -3*u. Calculate the highest common factor of i and u.
5
Let o = -4470 + 4704. What is the greatest common divisor of o and 3341?
13
Let t = 349 + -142. Let c = t - 168. What is the highest common factor of c and 143?
13
Let r = -1509 - -1716. What is the highest common factor of 598 and r?
23
Let k = -4 - -13. Suppose -g = 4*w - 90, -4*g - 7*w + 6*w + 360 = 0. Suppose -8*y + g = -3*y. Calculate the highest common divisor of k and y.
9
Suppose 0*c = -c + 233. Let o = -90 + c. Let d = 24675 + -24664. What is the greatest common factor of d and o?
11
Suppose -v + 416 = 6*v + 17. What is the highest common factor of v and 5814?
57
Let d(j) = 2*j - 8*j - 3*j - 12. Let t be d(-16). Suppose a = -a + t. Calculate the greatest common factor of 33 and a.
33
Suppose 0 = -2*c + 115 - 31. Let h = c - 24. Let l be 0 - 2 - -72 - -2. What is the highest common factor of l and h?
18
Let u = -5613 + 9291. What is the highest common factor of u and 6?
6
Suppose 65 = 8*u - 3*u. Let t = 9 + -9. Suppose t = -3*h + 25 + 14. What is the highest common divisor of h and u?
13
Let j be 10 - 11/(22/(-124)). What is the highest common factor of 132 and j?
12
Let t be -15*(-1 - 7/5). Suppose 0 = 35667*h - 360